u**2 - 409*u + 6296. Determine g(38).
-582
Let p(k) = -4*k**2 - 633*k - 562. Calculate p(-157).
223
Let r(p) = -13*p**3 + 19*p**2 + 263*p - 1412. What is r(5)?
-1247
Let y(w) = -959*w**3 + 3*w**2 - 48*w - 50. Determine y(-1).
960
Let b(h) = h**3 - 23*h**2 + 29*h + 573. Give b(20).
-47
Let q(m) = -m**2 + 460*m - 22626. Calculate q(56).
-2
Let q(g) = 16881*g - 945318. What is q(56)?
18
Let v(f) = -218*f - 3391. Determine v(-15).
-121
Let f(v) = 12*v**3 + 2864*v**2 + 4739*v - 462. What is f(-237)?
-225
Let p(f) = -5*f**3 + 21*f**2 - 5214*f + 20839. Determine p(4).
-1
Let p(r) = -3*r**2 - 9748*r - 9747. Determine p(-1).
-2
Let l(s) = 127*s**3 - 36*s**2 + 86*s - 31. What is l(2)?
1013
Let d(p) = -339*p - 3449. Give d(-8).
-737
Let j(c) = -115977*c + 579879. What is j(5)?
-6
Let b(g) = 104*g + 3949. What is b(-30)?
829
Let n(x) = 145*x**2 - 68*x + 26. Calculate n(4).
2074
Let u(o) = 8*o**3 - 1697*o**2 + 331*o - 25252. Determine u(212).
-24
Let a(q) = 78*q**3 - 3*q**2 - 68*q + 157. Give a(2).
633
Let q(n) = n**2 - 152*n + 2526. What is q(134)?
114
Let p(f) = -20*f**2 - 30*f + 46. What is p(-3)?
-44
Let v(n) = -n**3 - 10*n**2 + 128*n + 1020. What is v(-6)?
108
Let l(d) = -9*d**3 + 6*d**2 + 117*d - 406. Calculate l(4).
-418
Let o(h) = -22030*h + 264441. What is o(12)?
81
Let w(n) = -n**3 - 138*n**2 + 1964*n - 83. Give w(-151).
-234
Let u(d) = -d**3 - 387*d**2 + 5199*d - 403. Give u(-400).
-3
Let n(x) = x**3 + 497*x**2 + 6772*x + 140. Calculate n(-14).
0
Let g(i) = 310*i + 9707. What is g(-31)?
97
Let d(a) = -2*a**2 + 293*a - 5574. Give d(123).
207
Let f(u) = 3691*u**2 - 243607*u + 46. What is f(66)?
-20
Let g(s) = 120*s**2 - 6*s + 8. Give g(1).
122
Let g(a) = 2*a**2 - 935*a + 18360. What is g(20)?
460
Let g(k) = -k**3 + 111*k**2 - 54*k + 6363. Calculate g(111).
369
Let h(a) = -2*a**2 - 91*a + 25488. Give h(93).
-273
Let l(m) = -m**2 + 1659*m - 136792. Give l(87).
-28
Let j(a) = -40*a**2 + 30507*a + 9884. What is j(763)?
-35
Let y(x) = x**3 - 56*x**2 + 213*x + 4360. Determine y(50).
10
Let g(z) = -3*z**2 - 507*z - 3122. Calculate g(-163).
-188
Let d(v) = 64*v**2 + 482*v + 245. Determine d(-7).
7
Let o(u) = u**3 + 13*u**2 - 49*u - 276. What is o(-15)?
9
Let j(m) = 329*m - 16510. What is j(51)?
269
Let u(m) = 13*m**2 - 5299*m + 507239. Calculate u(254).
1
Let m(r) = -r**3 - 76*r**2 - 572*r - 15408. Determine m(-71).
-1
Let o(j) = -j**2 + 12294*j + 49179. Calculate o(-4).
-13
Let z(x) = 95648*x - 287159. Determine z(3).
-215
Let u(i) = i**2 - 35*i - 552. Determine u(24).
-816
Let o(b) = 13*b**2 + 3*b + 1150. Calculate o(0).
1150
Let t(v) = -2*v**3 - 71*v**2 - 214*v + 119. Give t(-32).
-201
Let c(d) = 1485*d + 136616. Give c(-92).
-4
Let g(n) = 299*n**2 + 558*n + 567. Calculate g(-1).
308
Let w(h) = -h**3 + 9*h**2 - 25512*h + 204048. Determine w(8).
16
Let l(y) = y**3 + y**2 + 347*y + 2343. Determine l(-8).
-881
Let b(j) = -j**3 - 61*j**2 - 2056*j - 188020. Determine b(-70).
0
Let z(h) = -659*h + 5891. What is z(9)?
-40
Let d(r) = -12*r**2 + 929*r - 17753. What is d(43)?
6
Let h(n) = 54841*n - 164550. Calculate h(3).
-27
Let c(o) = -24429*o - 11335056. Calculate c(-464).
0
Let s(j) = -2*j**2 + 42*j + 855. What is s(-9)?
315
Let u(g) = -30841*g + 1819617. Determine u(59).
-2
Let l(a) = 488*a**3 + 2438*a**2 - 16*a + 3. What is l(-5)?
33
Let x(y) = 85*y**2 - 1856*y + 5861. Give x(18).
-7
Let z(v) = -11*v**2 + 23*v + 337. Calculate z(-16).
-2847
Let c(t) = 2*t**2 + 5069*t + 345067. Give c(-70).
37
Let s(m) = 398*m + 19104. What is s(-48)?
0
Let l(t) = -2*t**2 + 98360*t - 196716. What is l(2)?
-4
Let i(y) = y**3 - 227*y**2 + 9995*y + 1225. Determine i(60).
-275
Let n(u) = 7*u**2 - 12*u + 438. What is n(12)?
1302
Let f(o) = 704*o + 1423. Determine f(-3).
-689
Let k(h) = -906*h**2 + 8157*h - 26. Give k(9).
1
Let v(d) = -4894*d + 63576. Calculate v(13).
-46
Let s(a) = -32*a**2 - 64*a + 231. What is s(7)?
-1785
Let t(x) = 750*x**2 + 6683*x - 637. Calculate t(-9).
-34
Let p(t) = -1058*t + 6382. Give p(6).
34
Let c(q) = 2*q**2 + 930*q + 10877. Calculate c(-12).
5
Let b(m) = -661*m**3 - 107*m - 107. Determine b(-1).
661
Let f(r) = -51814*r + 259181. Give f(5).
111
Let m(i) = -i**3 - 137*i**2 + 99*i - 5314. What is m(-138)?
68
Let y(p) = -p**2 - 37*p + 4958. Determine y(48).
878
Let b(s) = -s**2 - 75*s - 708. Calculate b(-60).
192
Let h(d) = d**3 - 54*d**2 + 89*d + 840. Give h(52).
60
Let h(q) = q**2 - 4238*q + 413746. Determine h(100).
-54
Let b(m) = 23230*m + 394914. What is b(-17)?
4
Let n(q) = -7*q**2 + 151*q + 858. What is n(-9)?
-1068
Let w(d) = d**2 + 640*d + 99898. Determine w(-370).
-2
Let z(q) = -129*q**2 - 56*q - 299. Calculate z(-4).
-2139
Let i(q) = -13*q**3 + 422*q**2 + 231*q + 23. Calculate i(33).
23
Let b(y) = 463*y + 68960. What is b(-150)?
-490
Let n(y) = 25008*y - 700227. Determine n(28).
-3
Let v(x) = -x**3 + 529*x**2 - 2629*x + 4527. Give v(524).
-189
Let f(m) = -2012*m - 240. Give f(0).
-240
Let z(k) = k**3 - 70*k**2 - 480*k - 177. Give z(-6).
-33
Let s(j) = 1224*j + 5629. Determine s(-5).
-491
Let p(b) = 3*b**3 + 214*b**2 - 3785*b - 75. What is p(-86)?
11
Let t(k) = 3*k**3 - 6*k**2 - 91*k + 565. Calculate t(9).
1447
Let f(p) = p**3 + 20*p**2 - 486*p - 6484. Determine f(-11).
-49
Let n(r) = -327*r**2 - 658*r - 15. Calculate n(-2).
-7
Let i(w) = w**2 - 247*w + 12525. Calculate i(72).
-75
Let z(t) = 56770*t - 624359. Give z(11).
111
Let x(t) = -472*t**2 + 4673*t + 568. Give x(10).
98
Let g(i) = -19*i**2 + 400*i + 1367. What is g(-3)?
-4
Let k(a) = 2*a**3 + 112*a**2 - 1543*a + 691. Give k(11).
-68
Let a(w) = 736*w + 108203. Give a(-147).
11
Let i(s) = 3*s**2 + 180*s + 669. Determine i(-56).
-3
Let i(p) = -32*p + 320. Give i(36).
-832
Let d(j) = -147*j - 720. Give d(-23).
2661
Let a(d) = d**3 - 56*d**2 + 223*d - 782. Calculate a(52).
-2
Let d(l) = 2*l**2 + 7010*l + 69902. Determine d(-10).
2
Let i(v) = -2*v**3 - 9*v**2 + 4873*v + 24354. Determine i(-5).
14
Let f(l) = -153724*l - 11683005. Calculate f(-76).
19
Let m(h) = 2500*h + 212486. What is m(-85)?
-14
Let k(q) = -19*q**2 + 15803*q - 90028. Give k(826).
6
Let m(b) = -220534*b + 1323175. Determine m(6).
-29
Let b(s) = -s**3 + 37*s**2 + 820*s - 31017. Give b(36).
-201
Let b(m) = 2*m**3 - 268*m**2 - 258*m - 1411. Determine b(135).
209
Let l(p) = 7*p**2 - 889*p - 897. What is l(128)?
-1
Let w(t) = 73*t**2 + 1469*t + 145. Calculate w(-20).
-35
Let t(m) = 5*m**2 - 74*m + 78. Determine t(24).
1182
Let c(w) = w**2 - 7447*w - 59662. Determine c(-8).
-22
Let m(k) = -k**2 - 973*k - 25598. Calculate m(-27).
-56
Let r(j) = j**3 + 31*j**2 - 121*j - 2623. What is r(-32)?
225
Let n(s) = 179052*s - 21665296. What is n(121)?
-4
Let o(a) = 6*a**2 + 1023*a + 579. Determine o(-170).
69
Let s(b) = 3888397*b + 15553613. What is s(-4)?
25
Let p(f) = 21611*f - 108149. Give p(5).
-94
Let q(k) = -3457*k + 97089. What is q(28)?
293
Let t(k) = -19*k**2 - 40*k + 78. What is t(2)?
-78
Let u(m) = -4595*m + 2908628. Give u(633).
-7
Let y(z) = z**3 - 4659*z**2 - 4983731*z + 890. Give y(-897).
-7
Let x(y) = -109700*y + 658217. Calculate x(6).
17
Let c(h) = 6*h**2 - 33*h - 2716. Give c(-19).
77
Let c(t) = -t**2 + 96*t + 10020. What is c(-63)?
3
Let r(d) = 850*d**2 - 200*d - 405. Determine r(-2).
3395
Let b(w) = -8*w**2 + 4217*w - 20735. Determine b(5).
150
Let j(m) = -104*m**2 + 66*m - 106. What is j(2)?
-390
Let w(f) = -1043*f - 25769. Calculate w(-26).
1349
Let w(u) = -u**2 + 182*u + 2114. Calculate w(-11).
-9
Let s(z) = -363*z**3 + 12*z**2 + 200*z + 360. Calculate s(-2).
2912
Let m(x) = 6630*x - 32105. Determine m(5).
1045
Let m(k) = -504*k - 17764. Determine m(-35).
-124
Let p(d) = 190855*d + 572509. Give p(-3).
-56
Let q(b) = -28890*b + 230961. Give q(8).
-159
Let c(u) = 41903*u - 712358. Determine c(17).
-7
Let k(b) = -b**3 - 39*b**2 - 193*b - 489. What is k(-33)?
-654
Let k(i) = -i**3 + 102*i**2 - 1764*i + 356. Give k(80).
36
Let c(p) = p**3 + 27*p**2 - 421*p + 269. Determine c(12).
833
Let v(u) = 2720*u + 10701. Determine v(-4).
-179
Let q(l) = 60*l**2 - 3430*l + 20473. Give q(6).
2053
Let y(f) = -f**3 - 19*f**2 + 146*f + 1785. Calculate y(-20).
-735
Let a(i) = 3*i**3 - 2305*i**2 - 1542*i + 3077. Calculate a(769).
1
Let y(d) = 20*d**3 - 52*d**2 + 164*d - 14. What is y(4)?
1090
Let s(i) = i**3 - 418*i**2 + 3277*i - 20. Ca